{"id":85,"date":"2024-09-05T12:19:07","date_gmt":"2024-09-05T12:19:07","guid":{"rendered":"https:\/\/psa-360.de\/?page_id=85"},"modified":"2024-09-05T12:49:49","modified_gmt":"2024-09-05T12:49:49","slug":"datenschutz-bewerber","status":"publish","type":"page","link":"https:\/\/psa-360.de\/index.php\/welcomepsa360\/datenschutz-bewerber\/","title":{"rendered":"Datenschutz Bewerber"},"content":{"rendered":"<div class=\"flex_column av-9ekqy-38ccfacb650d9625f4b5bf0b6c3c7cd8 av_one_full avia-builder-el-1 el_after_av_slideshow_full el_before_av_textblock avia-builder-el-first first flex_column_div av-zero-column-padding \">\n<section class=\"av_textblock_section av-jz1u2fpn-1ab69b5932326298c18a30e5dd10363f\">\n<div class=\"avia_textblock\">\n<h1 style=\"text-align: center;\"><strong>Datenschutzhinweise f\u00fcr<\/strong><\/h1>\n<h1 style=\"text-align: center;\"><strong>Bewerberinnen und Bewerber<\/strong><\/h1>\n<\/div>\n<\/section>\n<\/div>\n<section class=\"av_textblock_section av-9wbmy-db5189058947698d621f8d66f33e2732\">\n<div class=\"avia_textblock\">\n<p>Wir freuen uns, dass Sie sich f\u00fcr uns interessieren und sich f\u00fcr eine Stelle in unserem Unternehmen bewerben oder beworben haben. Wir m\u00f6chten Ihnen nachfolgend gerne Informationen zur Verarbeitung Ihrer personenbezogenen Daten im Zusammenhang mit der Bewerbung erteilen.<\/p>\n<h4>Wer ist f\u00fcr Datenverarbeitung verantwortlich?<\/h4>\n<p>Verantwortlicher im Sinne des Datenschutzrecht ist die<\/p>\n<p>PSA 360 Solutions GmbH<br \/>\n<a href=\"https:\/\/www.google.com\/maps\/search\/Alemannenstra%C3%9Fe+13+%0D%0A14129+Berlin?entry=gmail&amp;source=g\">Alemannenstra\u00dfe 13<\/a><br \/>\n<a href=\"https:\/\/www.google.com\/maps\/search\/Alemannenstra%C3%9Fe+13+%0D%0A14129+Berlin?entry=gmail&amp;source=g\">14129 Berlin<\/a><\/p>\n<p>Sie finden weitere Informationen zu unserem Unternehmen, Angaben zu den vertretungsberechtigten Personen und auch weitere Kontaktm\u00f6glichkeiten in unserem Impressum unserer Internetseite:<\/p>\n<p><a href=\"https:\/\/psa-360.de\/index.php\/sample-page\/impressum\/\">Impressum<\/a><\/p>\n<h4><strong>Welche Daten von Ihnen werden von uns verarbeitet? Und zu welchen Zwecken?<\/strong><\/h4>\n<p>Wir verarbeiten die Daten, die Sie uns im Zusammenhang mit Ihrer Bewerbung zugesendet haben, um Ihre Eignung f\u00fcr die Stelle (oder ggf. andere offene Positionen in unseren Unternehmen) zu pr\u00fcfen und das Bewerbungsverfahren durchzuf\u00fchren.<\/p>\n<h4>Auf welcher rechtlichen Grundlage basiert das?<\/h4>\n<p>Rechtsgrundlage f\u00fcr die Verarbeitung Ihrer personenbezogenen Daten in diesem Bewerbungsverfahren ist prim\u00e4r \u00a7 26 BDSG. Danach ist die Verarbeitung der Daten zul\u00e4ssig, die im Zusammenhang mit der Entscheidung \u00fcber die Begr\u00fcndung eines Besch\u00e4ftigungsverh\u00e4ltnisses erforderlich sind.<\/p>\n<p>Sollten die Daten nach Abschluss des Bewerbungsverfahrens ggf. zur Rechtsverfolgung erforderlich sein, kann eine Datenverarbeitung auf Basis der Voraussetzungen von Art. 6 DSGVO, insbesondere zur Wahrnehmung von berechtigten Interessen nach Art. 6 Abs. 1 lit. f) DSGVO erfolgen. Unser Interesse besteht dann in der Geltendmachung oder Abwehr von Anspr\u00fcchen.<\/p>\n<h4>Wie lange werden die Daten gespeichert?<\/h4>\n<p>Daten von Bewerberinnen und Bewerbern werden im Falle einer Absage nach 6 Monaten gel\u00f6scht.<\/p>\n<p>F\u00fcr den Fall, dass Sie einer weiteren Speicherung Ihrer personenbezogenen Daten zugestimmt haben, werden wir Ihre Daten in unseren Bewerber-Pool \u00fcbernehmen. Dort werden die Daten nach Ablauf von zwei Jahren gel\u00f6scht.<\/p>\n<p>Sollten Sie im Rahmen des Bewerbungsverfahrens den Zuschlag f\u00fcr eine Stelle erhalten haben, werden die Daten aus dem Bewerberdatensystem in unser Personalinformationssystem \u00fcberf\u00fchrt.<\/p>\n<h4>An welche Empf\u00e4nger werden die Daten weitergegeben?<\/h4>\n<p>Ihre Bewerberdaten werden nach Eingang Ihrer Bewerbung von der Personalabteilung gesichtet. Geeignete Bewerbungen werden dann intern an die Abteilungsverantwortlichen f\u00fcr die jeweils offene Position weitergeleitet. Dann wird der weitere Ablauf abgestimmt. Im Unternehmen haben grunds\u00e4tzlich nur die Personen Zugriff auf Ihre Daten, die dies f\u00fcr den ordnungsgem\u00e4\u00dfen Ablauf unseres Bewerbungsverfahrens ben\u00f6tigen.<\/p>\n<h4>Wo werden die Daten verarbeitet?<\/h4>\n<p>Die Daten werden ausschlie\u00dflich in Rechenzentren der Bundesrepublik Deutschland verarbeitet.<\/p>\n<h4>Ihre Rechte als \u201eBetroffene\u201c<\/h4>\n<p>Sie haben das Recht auf Auskunft \u00fcber die von uns zu Ihrer Person verarbeiteten personenbezogenen Daten.<\/p>\n<p>Bei einer Auskunftsanfrage, die nicht schriftlich erfolgt, bitten wir um Verst\u00e4ndnis daf\u00fcr, dass wir dann ggf. Nachweise von Ihnen verlangen, die belegen, dass Sie die Person sind, f\u00fcr die Sie sich ausgeben.<\/p>\n<p>Ferner haben Sie ein Recht auf Berichtigung oder L\u00f6schung oder auf Einschr\u00e4nkung der Verarbeitung, soweit Ihnen dies gesetzlich zusteht.<\/p>\n<p>Ferner haben Sie ein Widerspruchsrecht gegen die Verarbeitung im Rahmen der gesetzlichen Vorgaben. Gleiches gilt f\u00fcr ein Recht auf Daten\u00fcbertragbarkeit.<\/p>\n<h4>Unsere Datenschutzbeauftragte<\/h4>\n<p>Wir haben einen Datenschutzbeauftragten in unserem Unternehmen benannt. Sie erreichen diesen unter folgenden Kontaktm\u00f6glichkeiten:<\/p>\n<p>Lars Laehn, Tel.: 0800 52823480,\u00a0<a href=\"mailto:info@lcube.de\">info@lcube.de<\/a><\/p>\n<h4>Beschwerderecht<\/h4>\n<p>Sie haben das Recht, sich \u00fcber die Verarbeitung personenbezogenen Daten durch uns bei einer Aufsichtsbeh\u00f6rde f\u00fcr den Datenschutz zu beschweren.<\/p>\n<\/div>\n<\/section>\n","protected":false},"excerpt":{"rendered":"<p>Datenschutzhinweise f\u00fcr Bewerberinnen und Bewerber Wir freuen uns, dass Sie sich f\u00fcr uns interessieren und sich f\u00fcr eine Stelle in unserem Unternehmen bewerben oder beworben haben. Wir m\u00f6chten Ihnen nachfolgend gerne Informationen zur Verarbeitung Ihrer personenbezogenen Daten im Zusammenhang mit der Bewerbung erteilen. Wer ist f\u00fcr Datenverarbeitung verantwortlich? Verantwortlicher im Sinne des Datenschutzrecht ist die [&hellip;]<\/p>\n","protected":false},"author":2,"featured_media":0,"parent":23,"menu_order":0,"comment_status":"closed","ping_status":"closed","template":"","meta":{"_et_pb_use_builder":"","_et_pb_old_content":"","_et_gb_content_width":"","footnotes":""},"class_list":["post-85","page","type-page","status-publish","hentry"],"_links":{"self":[{"href":"https:\/\/psa-360.de\/index.php\/wp-json\/wp\/v2\/pages\/85","targetHints":{"allow":["GET"]}}],"collection":[{"href":"https:\/\/psa-360.de\/index.php\/wp-json\/wp\/v2\/pages"}],"about":[{"href":"https:\/\/psa-360.de\/index.php\/wp-json\/wp\/v2\/types\/page"}],"author":[{"embeddable":true,"href":"https:\/\/psa-360.de\/index.php\/wp-json\/wp\/v2\/users\/2"}],"replies":[{"embeddable":true,"href":"https:\/\/psa-360.de\/index.php\/wp-json\/wp\/v2\/comments?post=85"}],"version-history":[{"count":4,"href":"https:\/\/psa-360.de\/index.php\/wp-json\/wp\/v2\/pages\/85\/revisions"}],"predecessor-version":[{"id":105,"href":"https:\/\/psa-360.de\/index.php\/wp-json\/wp\/v2\/pages\/85\/revisions\/105"}],"up":[{"embeddable":true,"href":"https:\/\/psa-360.de\/index.php\/wp-json\/wp\/v2\/pages\/23"}],"wp:attachment":[{"href":"https:\/\/psa-360.de\/index.php\/wp-json\/wp\/v2\/media?parent=85"}],"curies":[{"name":"wp","href":"https:\/\/api.w.org\/{rel}","templated":true}]}}

<div class="flex_column av-9ekqy-38ccfacb650d9625f4b5bf0b6c3c7cd8 av_one_full avia-builder-el-1 el_after_av_slideshow_full el_before_av_textblock avia-builder-el-first first flex_column_div av-zero-column-padding ">
<section class="av_textblock_section av-jz1u2fpn-1ab69b5932326298c18a30e5dd10363f">
<div class="avia_textblock">
<h1 style="text-align: center;"><strong>Datenschutzhinweise für</strong></h1>
<h1 style="text-align: center;"><strong>Bewerberinnen und Bewerber</strong></h1>
</div>
</section>
</div>
<section class="av_textblock_section av-9wbmy-db5189058947698d621f8d66f33e2732">
<div class="avia_textblock">
<p>Wir freuen uns, dass Sie sich für uns interessieren und sich für eine Stelle in unserem Unternehmen bewerben oder beworben haben. Wir möchten Ihnen nachfolgend gerne Informationen zur Verarbeitung Ihrer personenbezogenen Daten im Zusammenhang mit der Bewerbung erteilen.</p>
<h4>Wer ist für Datenverarbeitung verantwortlich?</h4>
<p>Verantwortlicher im Sinne des Datenschutzrecht ist die</p>
<p>PSA 360 Solutions GmbH<br />
<a href="https://www.google.com/maps/search/Alemannenstra%C3%9Fe+13+%0D%0A14129+Berlin?entry=gmail&amp;source=g">Alemannenstraße 13</a><br />
<a href="https://www.google.com/maps/search/Alemannenstra%C3%9Fe+13+%0D%0A14129+Berlin?entry=gmail&amp;source=g">14129 Berlin</a></p>
<p>Sie finden weitere Informationen zu unserem Unternehmen, Angaben zu den vertretungsberechtigten Personen und auch weitere Kontaktmöglichkeiten in unserem Impressum unserer Internetseite:</p>
<p><a href="https://psa-360.de/index.php/sample-page/impressum/">Impressum</a></p>
<h4><strong>Welche Daten von Ihnen werden von uns verarbeitet? Und zu welchen Zwecken?</strong></h4>
<p>Wir verarbeiten die Daten, die Sie uns im Zusammenhang mit Ihrer Bewerbung zugesendet haben, um Ihre Eignung für die Stelle (oder ggf. andere offene Positionen in unseren Unternehmen) zu prüfen und das Bewerbungsverfahren durchzuführen.</p>
<h4>Auf welcher rechtlichen Grundlage basiert das?</h4>
<p>Rechtsgrundlage für die Verarbeitung Ihrer personenbezogenen Daten in diesem Bewerbungsverfahren ist primär § 26 BDSG. Danach ist die Verarbeitung der Daten zulässig, die im Zusammenhang mit der Entscheidung über die Begründung eines Beschäftigungsverhältnisses erforderlich sind.</p>
<p>Sollten die Daten nach Abschluss des Bewerbungsverfahrens ggf. zur Rechtsverfolgung erforderlich sein, kann eine Datenverarbeitung auf Basis der Voraussetzungen von Art. 6 DSGVO, insbesondere zur Wahrnehmung von berechtigten Interessen nach Art. 6 Abs. 1 lit. f) DSGVO erfolgen. Unser Interesse besteht dann in der Geltendmachung oder Abwehr von Ansprüchen.</p>
<h4>Wie lange werden die Daten gespeichert?</h4>
<p>Daten von Bewerberinnen und Bewerbern werden im Falle einer Absage nach 6 Monaten gelöscht.</p>
<p>Für den Fall, dass Sie einer weiteren Speicherung Ihrer personenbezogenen Daten zugestimmt haben, werden wir Ihre Daten in unseren Bewerber-Pool übernehmen. Dort werden die Daten nach Ablauf von zwei Jahren gelöscht.</p>
<p>Sollten Sie im Rahmen des Bewerbungsverfahrens den Zuschlag für eine Stelle erhalten haben, werden die Daten aus dem Bewerberdatensystem in unser Personalinformationssystem überführt.</p>
<h4>An welche Empfänger werden die Daten weitergegeben?</h4>
<p>Ihre Bewerberdaten werden nach Eingang Ihrer Bewerbung von der Personalabteilung gesichtet. Geeignete Bewerbungen werden dann intern an die Abteilungsverantwortlichen für die jeweils offene Position weitergeleitet. Dann wird der weitere Ablauf abgestimmt. Im Unternehmen haben grundsätzlich nur die Personen Zugriff auf Ihre Daten, die dies für den ordnungsgemäßen Ablauf unseres Bewerbungsverfahrens benötigen.</p>
<h4>Wo werden die Daten verarbeitet?</h4>
<p>Die Daten werden ausschließlich in Rechenzentren der Bundesrepublik Deutschland verarbeitet.</p>
<h4>Ihre Rechte als „Betroffene“</h4>
<p>Sie haben das Recht auf Auskunft über die von uns zu Ihrer Person verarbeiteten personenbezogenen Daten.</p>
<p>Bei einer Auskunftsanfrage, die nicht schriftlich erfolgt, bitten wir um Verständnis dafür, dass wir dann ggf. Nachweise von Ihnen verlangen, die belegen, dass Sie die Person sind, für die Sie sich ausgeben.</p>
<p>Ferner haben Sie ein Recht auf Berichtigung oder Löschung oder auf Einschränkung der Verarbeitung, soweit Ihnen dies gesetzlich zusteht.</p>
<p>Ferner haben Sie ein Widerspruchsrecht gegen die Verarbeitung im Rahmen der gesetzlichen Vorgaben. Gleiches gilt für ein Recht auf Datenübertragbarkeit.</p>
<h4>Unsere Datenschutzbeauftragte</h4>
<p>Wir haben einen Datenschutzbeauftragten in unserem Unternehmen benannt. Sie erreichen diesen unter folgenden Kontaktmöglichkeiten:</p>
<p>Lars Laehn, Tel.: 0800 52823480, <a href="mailto:info@lcube.de">info@lcube.de</a></p>
<h4>Beschwerderecht</h4>
<p>Sie haben das Recht, sich über die Verarbeitung personenbezogenen Daten durch uns bei einer Aufsichtsbehörde für den Datenschutz zu beschweren.</p>
</div>
</section>

<p>Datenschutzhinweise für Bewerberinnen und Bewerber Wir freuen uns, dass Sie sich für uns interessieren und sich für eine Stelle in unserem Unternehmen bewerben oder beworben haben. Wir möchten Ihnen nachfolgend gerne Informationen zur Verarbeitung Ihrer personenbezogenen Daten im Zusammenhang mit der Bewerbung erteilen. Wer ist für Datenverarbeitung verantwortlich? Verantwortlicher im Sinne des Datenschutzrecht ist die [&hellip;]</p>
